{"id":16,"date":"2023-08-15T17:25:12","date_gmt":"2023-08-15T17:25:12","guid":{"rendered":"https:\/\/www.vizyon-bilgisayar.com\/?page_id=16"},"modified":"2023-08-17T11:43:35","modified_gmt":"2023-08-17T11:43:35","slug":"easy-customizable","status":"publish","type":"page","link":"https:\/\/www.vizyon-bilgisayar.com\/?page_id=16","title":{"rendered":"Zenginlerin Golfe Olan D\u00fc\u015fk\u00fcnl\u00fc\u011f\u00fcn\u00fcn Sebebi Asl\u0131nda \u00c7ok Ba\u015fka: Peki Onlar\u0131 Bu Kadar Cezbeden \u015eey Ne?"},"content":{"rendered":"<p>9-5 mesaiden \u00e7\u0131k\u0131p giden ya da yorucu bir haftan\u0131n ard\u0131ndan hafta sonu tatilini golf oynamak i\u00e7in ay\u0131ran birini hi\u00e7 g\u00f6rd\u00fcn\u00fcz m\u00fc? Muhtemelen hay\u0131r. \u00c7\u00fcnk\u00fc golf\u00fc, genellikle i\u015f ko\u015fu\u015fturmas\u0131 olmay\u0131p bolca zamana sahip olan varl\u0131kl\u0131 ki\u015filerin yapt\u0131\u011f\u0131 bir spor olarak nitelendirdik.<\/p>\n<p>Asl\u0131nda golf oynaman\u0131n tek \u00f6l\u00e7\u00fct\u00fc, bolca bo\u015f zamana sahip olmak de\u011fil. Bu spor,\u00a0oynayan ki\u015filere\u00a0<strong>muhtemelen akl\u0131n\u0131za hi\u00e7 gelmeyecek farkl\u0131 kap\u0131lar aralamakta.\u00a0<\/strong><\/p>\n<p>Peki golf nas\u0131l belli bir kesim\u00a0aras\u0131nda \u00e7ok yayg\u0131nken,\u00a0<strong>di\u011ferlerinin elini s\u00fcrmedi\u011fi bir spor haline\u00a0geldi?\u00a0<\/strong><\/p>\n<p>100 y\u0131l\u0131 a\u015fk\u0131n bir s\u00fcredir genellikle Amerikal\u0131 i\u015f insanlar\u0131yla \u00f6zde\u015fle\u015ftirilen golf, bir teoriye g\u00f6re\u00a0<strong>me\u015fhur milyoner Rockefeller\u2019\u0131n bu oyuna olan tutkusuyla<\/strong>, g\u00f6zde i\u015f insanlar\u0131n\u0131n sporu haline geldi.<\/p>\n<p>\u00d6te yandan golf\u00fcn k\u00f6kenleri tam olarak bilinmemekle birlikte tarih\u00e7ilerin bir k\u0131sm\u0131, golf\u00fcn\u00a0<strong>Roma \u0130mparatorlu\u011fu\u2019nda oynanan \u201cpaganica\u201d isimli bir oyundan esinlenildi\u011fi d\u00fc\u015f\u00fcncesinde.<\/strong><\/p>\n<p>Paganica ismi verilen bu oyun, k\u0131vr\u0131ml\u0131<strong>\u00a0bir sopayla deri bir topa vurularak<\/strong>\u00a0oynan\u0131rd\u0131 ve o zamanlar, t\u00fcm Avrupa\u2019da oynanan bir oyun haline gelmi\u015fti.<\/p>\n<h2>Golf\u00fcn ortaya \u00e7\u0131k\u0131\u015f\u0131na dair bir di\u011fer g\u00f6r\u00fc\u015f ise \u00c7in\u2019de oynanan \u201cchuiwan\u201d isimli bir oyunla ba\u011flant\u0131l\u0131.<\/h2>\n<p>8. ve 14. y\u00fczy\u0131llar aras\u0131nda k\u00fc\u00e7\u00fck bir top ve sopayla oynand\u0131\u011f\u0131 bilinen chuiwan, Orta \u00c7a\u011f d\u00f6neminde Avrupa&#8217;dada olduk\u00e7a yayg\u0131n bir \u015fekilde oynanm\u0131\u015ft\u0131. T\u00fcm bu teorilerin yan\u0131 s\u0131ra golf\u00fcn \u00e7\u0131k\u0131\u015f noktas\u0131yla ilgili en kabul g\u00f6ren g\u00f6r\u00fc\u015f, bu oyunun\u00a0<strong>12. y\u00fczy\u0131l \u0130sko\u00e7yas\u0131\u2019nda \u00e7obanlar\u0131n tav\u015fan yuvalar\u0131na sopalarla ta\u015f atmas\u0131yla ba\u015flad\u0131\u011f\u0131 \u015feklinde.\u00a0<\/strong><\/p>\n<p>Zaman i\u00e7inde 19. y\u00fczy\u0131lda da\u00a0<strong>Hindistan, Kanada ve Hong Kong<\/strong>\u00a0gibi \u00fclkelerde golf sporu yayg\u0131nlam\u0131\u015f ve golf kul\u00fcpleri h\u0131zla yay\u0131lmaya ba\u015flam\u0131\u015f.<\/p>\n<h2>Peki golf, ne oldu da zengin i\u015f insanlar\u0131n\u0131n sporu haline geldi?<\/h2>\n<p>\u0130\u015f insanlar\u0131n\u0131n g\u00f6z\u00fcnde golf, asl\u0131nda bir spordan ziyade \u00e7ok daha farkl\u0131 anlamlara sahip. Onlar i\u00e7in bu aktivite,\u00a0<strong>baz\u0131 zamanlar stresten uzakla\u015fmak i\u00e7in nefes ald\u0131klar\u0131 bir me\u015fgale,<\/strong>\u00a0kimi zaman ise i\u015f ili\u015fkilerini g\u00fc\u00e7lendirmek i\u00e7in bir vesile niteli\u011finde.<\/p>\n<p>G\u00fcn i\u00e7inde toplant\u0131 odalar\u0131nda olduk\u00e7a gergin ve resmi bir tutum i\u00e7inde olan bu insanlar, ye\u015fil sahalara \u00e7\u0131k\u0131nca \u015f\u00fcphesiz kendini daha \u00f6zg\u00fcr hissederek, \u00e7ok daha do\u011fal davran\u0131r. Ayr\u0131ca bu uzun soluklu oyun s\u0131ras\u0131nda,\u00a0<strong>\u00fczerinde \u00e7al\u0131\u015ft\u0131\u011f\u0131 projelerle ilgili detayl\u0131ca d\u00fc\u015f\u00fcnme f\u0131rsat\u0131 bulurlar.\u00a0<\/strong><\/p>\n<h2>Asl\u0131nda golf, i\u015f sporu olmaya bir hayli yatk\u0131n.<\/h2>\n<p>\u00c7\u00fcnk\u00fc golf;\u00a0<strong>olduk\u00e7a yava\u015f ilerleyen, yorucu olmayan ve vuru\u015flar aras\u0131nda bo\u015f zamanlardan olu\u015fan bir oyun.<\/strong>\u00a04 saatlik bu oyunu oynayanlar\u0131n b\u00fcy\u00fck \u00e7o\u011funlu\u011fu, i\u015f stresinden uzakla\u015f\u0131r ve oyunun h\u0131z\u0131 ve s\u00fcresi de oyuncular\u0131n birbirleriyle ileti\u015fim kurmas\u0131na olanak sa\u011flar.<\/p>\n<p>Yani b\u00f6yle bir ortamda farkl\u0131 fikirler tart\u0131\u015fmak ve \u00f6nemli kararlar almak \u00e7ok daha kolay hale gelir. Ayr\u0131ca golf ekipmanlar\u0131n\u0131n\u00a0<strong>di\u011fer spor malzemelerine g\u00f6re \u00e7ok daha y\u00fcksek fiyatl\u0131<\/strong>\u00a0oldu\u011funu es ge\u00e7memek gerek.<\/p>\n<p>Bunun yan\u0131nda\u00a0<strong>golf kul\u00fcb\u00fc \u00fcyelik \u00fccretleri de belli bir b\u00fct\u00e7e gerektirir\u00a0<\/strong>ve bu spor, ister istemez olduk\u00e7a k\u00fclfetli bir hobi haline gelir.<\/p>\n<h2>Baz\u0131 insanlar ise golf\u00fc, bir spordan ziyade yeni insanlarla ba\u011f kurma amac\u0131yla oynar.<\/h2>\n<p>\u00c7\u00fcnk\u00fc golf kul\u00fcpleri\u00a0<strong>\u00e7e\u015fitli yat\u0131r\u0131mc\u0131lar,\u00a0i\u015f adamlar\u0131 ve politikac\u0131larla doludur.<\/strong>\u00a0Burada yeni insanlarla tan\u0131\u015fmak ve farkl\u0131 projeler hakk\u0131nda g\u00f6r\u00fc\u015f\u00fcp bunlara dahil olmak \u00e7ok daha kolayd\u0131r. Ayr\u0131ca bu spor, \u00e7ok fazla fiziksel bir efor gerektirmez.<\/p>\n<p>Genele bak\u0131ld\u0131\u011f\u0131nda \u00e7o\u011fu zengin i\u015f insan\u0131, belli bir ya\u015fa gelmi\u015ftir ve elbette\u00a0<strong>basketbol, futbol ya da tenis gibi sporlar onlar\u0131n g\u00f6zdesi haline gelemez.<\/strong><\/p>\n<h2>Bonus: Mevzubahis golf oldu\u011funda akla gelen ilk isimlerden biri \u015f\u00fcphesiz Cem Y\u0131lmaz.<\/h2>\n","protected":false},"excerpt":{"rendered":"<p>9-5 mesaiden \u00e7\u0131k\u0131p giden ya da yorucu bir haftan\u0131n ard\u0131ndan hafta sonu tatilini golf oynamak i\u00e7in ay\u0131ran birini hi\u00e7 g\u00f6rd\u00fcn\u00fcz m\u00fc? Muhtemelen hay\u0131r. \u00c7\u00fcnk\u00fc golf\u00fc, genellikle i\u015f ko\u015fu\u015fturmas\u0131 olmay\u0131p bolca zamana sahip olan varl\u0131kl\u0131 ki\u015filerin yapt\u0131\u011f\u0131 bir spor olarak nitelendirdik. Asl\u0131nda golf oynaman\u0131n tek \u00f6l\u00e7\u00fct\u00fc, bolca bo\u015f zamana sahip olmak de\u011fil. Bu spor,\u00a0oynayan ki\u015filere\u00a0muhtemelen akl\u0131n\u0131za [&hellip;]<\/p>\n","protected":false},"author":1,"featured_media":0,"parent":0,"menu_order":0,"comment_status":"closed","ping_status":"closed","template":"","meta":{"footnotes":""},"class_list":["post-16","page","type-page","status-publish","hentry"],"_links":{"self":[{"href":"https:\/\/www.vizyon-bilgisayar.com\/index.php?rest_route=\/wp\/v2\/pages\/16"}],"collection":[{"href":"https:\/\/www.vizyon-bilgisayar.com\/index.php?rest_route=\/wp\/v2\/pages"}],"about":[{"href":"https:\/\/www.vizyon-bilgisayar.com\/index.php?rest_route=\/wp\/v2\/types\/page"}],"author":[{"embeddable":true,"href":"https:\/\/www.vizyon-bilgisayar.com\/index.php?rest_route=\/wp\/v2\/users\/1"}],"replies":[{"embeddable":true,"href":"https:\/\/www.vizyon-bilgisayar.com\/index.php?rest_route=%2Fwp%2Fv2%2Fcomments&post=16"}],"version-history":[{"count":2,"href":"https:\/\/www.vizyon-bilgisayar.com\/index.php?rest_route=\/wp\/v2\/pages\/16\/revisions"}],"predecessor-version":[{"id":43,"href":"https:\/\/www.vizyon-bilgisayar.com\/index.php?rest_route=\/wp\/v2\/pages\/16\/revisions\/43"}],"wp:attachment":[{"href":"https:\/\/www.vizyon-bilgisayar.com\/index.php?rest_route=%2Fwp%2Fv2%2Fmedia&parent=16"}],"curies":[{"name":"wp","href":"https:\/\/api.w.org\/{rel}","templated":true}]}}